e greatest common divisor of g and d?
2
Let t be 2 - 0 - 7 - -2. Let z be (-1)/t + (-11)/(-3). Suppose 0*j = 3*j - 108. What is the greatest common divisor of z and j?
4
Let o(a) = a**2 - 9*a - 3. Let s be o(10). Let f = -1 + s. What is the highest common divisor of 12 and f?
6
Let h(u) = u + 6. Let k be h(-4). Let z be k/6 - (-64)/6. What is the highest common factor of z and 121?
11
Let o(c) = c**2 + 2*c + 7. Let v be o(-5). Calculate the highest common divisor of 88 and v.
22
Let n = -5 - -3. Let o be n + -3 + 2/1. Let l(y) = -4*y + 1. Let f be l(o). What is the greatest common divisor of 143 and f?
13
Let u(o) = 17*o - 18. Let m be u(3). Calculate the greatest common factor of 55 and m.
11
Suppose 3 + 41 = 4*r - 4*p, -4*p = 5*r - 100. What is the highest common factor of r and 128?
16
Let u be (39/9 + -3)*-12. Let k be (-5)/(-15) + u/(-6). What is the highest common factor of 30 and k?
3
Let m(s) be the third derivative of s**6/120 + s**5/10 - 3*s**4/8 - s**3 + 5*s**2. Let v be m(-6). Calculate the highest common divisor of v and 32.
16
Suppose 14*m - 180 = 9*m. Calculate the highest common factor of m and 54.
18
Let n(y) = 11*y**2 - 2*y - 2. Let v be n(-1). Suppose 0*s = 4*q + 2*s - 14, v = 4*q + 5*s. What is the greatest common factor of q and 28?
4
Suppose 3*v = 8*v - 70. Calculate the greatest common divisor of v and 182.
14
Let q be 6/(-2)*(-8)/12. Suppose 3*w + 88 = 7*w. What is the highest common factor of w and q?
2
Let u = -8 + 6. Let b be 0 + (-1)/(u/4). Let y be (9/(-12))/(b/(-32)). Calculate the greatest common factor of y and 96.
12
Let g(w) = 5*w - 13. Let n(u) = -36*u + 90. Let d(b) = -27*g(b) - 4*n(b). Let m be d(6). Suppose 1 + 14 = h. What is the greatest common factor of h and m?
15
Suppose -3*t + 86 = -u, -5*t + 165 - 25 = -5*u. Let g = t - -1. What is the highest common factor of 75 and g?
15
Let y = 18 - 2. Suppose -3*r + 5*b + 1 = 0, -2*b = -3*b + 4. Let w = 1 + r. Calculate the highest common factor of w and y.
8
Let g(b) = 18*b - 173. Let t be g(10). Let z = 43 - -13. Calculate the greatest common divisor of z and t.
7
Suppose 0*h + 2 = h. Suppose h*r - 2*w - 40 = 0, 4*r - 48 - 32 = 2*w. Suppose 0 = z - 7 - r. What is the greatest common factor of 3 and z?
3
Let s = 5 - 5. Suppose y + y - 8 = s. Let j be 0 + 3*y + 2. What is the highest common divisor of j and 112?
14
Let d = -10 + 9. Let m be (d - 1) + 21/3. Calculate the highest common divisor of 2 and m.
1
Let m(j) be the second derivative of j**4/12 + 5*j**3/3 + 19*j**2/2 + 2*j. Let n be m(-8). Calculate the greatest common factor of 3 and n.
3
Let m = 218 + -63. Let g = m + -95. What is the highest common divisor of 12 and g?
12
Suppose 0 = 4*o - 32 - 256. What is the greatest common factor of 8 and o?
8
Let k = 144 - 121. Calculate the greatest common factor of 23 and k.
23
Suppose -3*n - 4*a = -2, -a + 0 = 3*n + 4. Let w = 7 + n. Suppose -5*d = -10 + 5. Calculate the greatest common divisor of w and d.
1
Let i be 3 + -4 + (-1 - -2). Suppose -q + 1 = i, -10 = -3*u + 4*q + q. Calculate the highest common factor of 10 and u.
5
Let t(w) be the third derivative of -2*w**2 - 1/4*w**4 + 1/3*w**3 + 0 + 0*w. Let n be t(-9). Calculate the greatest common factor of n and 14.
14
Suppose -96 = -0*q - 2*q. What is the highest common divisor of 16 and q?
16
Suppose 2*i = 5*i - 60. Calculate the greatest common factor of i and 10.
10
Suppose 0 = -5*f + 211 - 21. Suppose 3*c - t - 285 = 0, 3*c - c = 2*t + 190. Calculate the highest common factor of c and f.
19
Suppose 4*f - 5*g - 115 = -f, -f = 4*g - 28. Let n be 4*(3*1 + -1). Calculate the highest common factor of n and f.
8
Suppose 25 + 68 = 3*r. Suppose 3*k + 5*b + 1 - r = 0, 0 = k + 2*b - 11. Let l be k/(5/(-2)) - -8. Calculate the highest common divisor of 9 and l.
3
Let a = 3 - 6. Let q be (-4)/6*a/2. Let h = 0 + q. What is the greatest common divisor of h and 7?
1
Suppose -6*w = -4*n - 2*w, n + 3 = 2*w. Suppose 0 = -p - n - 4. Let j be (-6)/(-2) + p + 12. Calculate the highest common factor of j and 8.
8
Suppose y = 5*y - 16. Suppose -5*m + y = -16. Suppose 3*z - m*o - 45 = 0, 2*z - z = 5*o + 26. Calculate the highest common factor of z and 121.
11
Suppose 0 = -5*k - 10 + 120. What is the highest common factor of k and 198?
22
Let g = 1 + 8. Let a = -6 + g. Suppose 0 = -3*z + 3*l + 39, -a*z = -2*l - 3*l - 35. What is the highest common factor of z and 10?
5
Let b be 104/12 + -8 - (-142)/3. What is the greatest common factor of b and 12?
12
Suppose -4*h - 4*o + 2 + 14 = 0, 3*o = 5*h - 36. Let n be (-27)/2*(-4)/h. Let u be (-20)/(-3)*(n - 6). What is the highest common factor of 160 and u?
20
Let q(v) = v**3 - 8*v**2 - 3*v - 6. Let u be q(8). Let r be (-86)/(1 - (-3)/(-1)). Let j = r + u. What is the greatest common divisor of j and 13?
13
Let b(t) = t - 5. Let o be b(11). Let y = -3 + o. Suppose -z + 5*v + 19 = 0, -3 = -2*v - 1. What is the greatest common factor of y and z?
3
Let j = 70 + -32. Let a = j + -18. Calculate the highest common divisor of 30 and a.
10
Suppose 0 = l + 3*l - 64. Let q be 8/(12/3)*1. What is the highest common factor of q and l?
2
Suppose n + 14 = -n + 3*x, 0 = 2*n - 2*x + 12. Let g = n - -3. Let d be (-1 + 7)*(0 - g). What is the highest common factor of d and 66?
6
Let m(c) = 2*c. Let q be m(-2). Suppose 2 = t + 24. Let j be q/t - 344/(-44). What is the greatest common factor of j and 20?
4
Suppose 165 = 3*a + 3*h, -3*h - 496 = -5*a - 181. Suppose -192 = -2*l - 2*l. Suppose 3*w - l = w. Calculate the greatest common divisor of a and w.
12
Suppose 2*w - 1 - 9 = 0. Suppose 4*g + 4*a + w = 29, -3*g + 50 = -5*a. Calculate the highest common divisor of g and 80.
10
Let x = -31 - -43. Let t = -1 + 13. Calculate the highest common divisor of x and t.
12
Let o(t) = 4*t - 13. Let w be o(10). Suppose -64 - 102 = -3*z + r, -38 = -z - 4*r. Suppose 0*f + 3*f - z = 0. Calculate the greatest common divisor of f and w.
9
Let z(k) = -k + 1. Let u be z(-7). What is the greatest common divisor of 24 and u?
8
Let u be 46/6 + -1 + (-12)/18. What is the highest common divisor of u and 6?
6
Let h be (0 + 3)*(-6)/(-9). Calculate the greatest common divisor of h and 2.
2
Let z = -42 + 72. Calculate the highest common divisor of 210 and z.
30
Suppose 5*r = -j + 26, -3*r - 62 = -j + r. Let a = -22 + j. What is the greatest common divisor of 16 and a?
8
Suppose 57 + 38 = 5*j. Suppose -5*c + j = -6. Suppose -2*g + 302 = g + c*o, 2*g - 3*o - 214 = 0. What is the greatest common divisor of g and 13?
13
Let r be ((-11)/(-2))/(3/6). Let d be 1817/15 - (-12)/(-90). Calculate the highest common divisor of r and d.
11
Let q be (4/12)/((-1)/(-36)). Calculate the highest common divisor of 8 and q.
4
Let m be 0 + 2 - (0 - 1). Suppose -r + 3*r = -16. Let x = -5 - r. What is the greatest common factor of m and x?
3
Let u(l) = -4*l**3 + 2*l**2 - 3*l - 3. Let b be u(-2). Let r be 4 - 5 - -1*b. What is the greatest common factor of r and 6?
6
Let z = 127 - 126. What is the highest common divisor of 4 and z?
1
Let p = 8 - 5. Suppose -o - p*r - r = -29, 5*o = 5*r + 45. Let f be (104/10)/(12/90). Calculate the greatest common factor of o and f.
13
Let a = -4 + 8. Suppose -17 = -t - 7. Calculate the highest common factor of t and a.
2
Let l(i) = 7*i + 9. Let t be l(8). Calculate the highest common factor of 26 and t.
13
Let x be (-9)/(-6)*8/6. Let j(d) = -d**3 + 6*d**2 - 2*d - 2. Let l be j(4). What is the greatest common divisor of x and l?
2
Let l(t) = 7*t**3 + t**2 - 2*t + 1. Let q be 1 + 6/(-3) + 2. Let g be l(q). Calculate the greatest common factor of 49 and g.
7
Let x(u) = u**3 + u**2 - 4*u + 8. Let s be x(4). What is the greatest common divisor of s and 48?
24
Suppose 0*f = -3*p + 2*f - 4, 5*p = 5*f - 15. Suppose 2*t = -p*t + 432. Calculate the highest common factor of 12 and t.
12
Let o be 0/(-3) - 1 - -88. Suppose 0 = -4*j + 5*m + 96, 5*m - 78 = -2*j - 0*m. What is the highest common divisor of j and o?
29
Let i(z) = 2*z**2 + 6*z - 7. Let v be i(-5). Suppose -5*d + 296 + 289 = 0. What is the highest common factor of v and d?
13
Let o(s) = 2*s**2 - 2*s + 4. Let j(h) = -h**2 + 11*h - 5. Let m be j(11). Let r be o(m). What is the highest common factor of r and 8?
8
Suppose -171*u + 175*u = 48. Let k be (1/2)/(2/12). Suppose x 